{"id":131,"date":"2025-10-20T03:04:03","date_gmt":"2025-10-20T03:04:03","guid":{"rendered":"https:\/\/karyx.com.mx\/?page_id=131"},"modified":"2025-10-20T03:04:58","modified_gmt":"2025-10-20T03:04:58","slug":"comisiones","status":"publish","type":"page","link":"https:\/\/karyx.com.mx\/index.php\/comisiones\/","title":{"rendered":"COMISIONES:"},"content":{"rendered":"\t\t<div data-elementor-type=\"wp-page\" data-elementor-id=\"131\" class=\"elementor elementor-131\">\n\t\t\t\t<div class=\"elementor-element elementor-element-532aea4 e-flex e-con-boxed e-con e-parent\" data-id=\"532aea4\" data-element_type=\"container\">\n\t\t\t\t\t<div class=\"e-con-inner\">\n\t\t\t\t<div class=\"elementor-element elementor-element-d200616 elementor-widget elementor-widget-text-editor\" data-id=\"d200616\" data-element_type=\"widget\" data-widget_type=\"text-editor.default\">\n\t\t\t\t<div class=\"elementor-widget-container\">\n\t\t\t\t\t\t\t\t\t<div id=\"TBSeccion1\"><p>Importe que paga el cliente, al formalizar un pr\u00e9stamo por los gastos que supone su apertura (gesti\u00f3n y tr\u00e1mite del pr\u00e9stamo, as\u00ed como por los estudios previos y preparativos de la operaci\u00f3n). Suele ser un pago \u00fanico y corresponde a un porcentaje sobre el monto a financiar.<\/p><\/div><div id=\"TBSeccio2\"><table class=\"TLinealData\" border=\"0\" width=\"600\" cellspacing=\"0\" cellpadding=\"5\" align=\"center\"><tbody><tr><th align=\"left\" valign=\"middle\" width=\"90\">Concepto:<\/th><td align=\"left\" valign=\"middle\" width=\"90\">\u00a0<\/td><th align=\"left\" valign=\"middle\" width=\"90\">Monto (M.N.)<\/th><td align=\"left\" valign=\"middle\" width=\"90\">\u00a0<\/td><\/tr><tr><th align=\"left\" valign=\"middle\" width=\"90\">Contrataci\u00f3n \u2013 Cr\u00e9dito<\/th><td align=\"left\" valign=\"middle\" width=\"90\">\u00a0<\/td><th align=\"left\" valign=\"middle\" width=\"90\">$ 0.00<\/th><td align=\"left\" valign=\"middle\" width=\"90\">\u00a0<\/td><\/tr><tr><th align=\"left\" valign=\"middle\" width=\"90\">Gastos de ratificaci\u00f3n<\/th><td align=\"left\" valign=\"middle\" width=\"90\">\u00a0<\/td><th align=\"left\" valign=\"middle\" width=\"90\">$ 0.00.<\/th><td align=\"left\" valign=\"middle\" width=\"90\">\u00a0<\/td><\/tr><tr><th align=\"left\" valign=\"middle\" width=\"90\">Kilometraje excedido<\/th><td align=\"left\" valign=\"middle\" width=\"90\">\u00a0<\/td><th align=\"left\" valign=\"middle\" width=\"90\">$ 3.00 Por kilometro excedido*<\/th><td align=\"left\" valign=\"middle\" width=\"90\">\u00a0<\/td><\/tr><\/tbody><\/table><p>*Montos se cobran m\u00e1s el correspondiente Impuesto al Valor Agregado.<\/p><\/div>\t\t\t\t\t\t\t\t<\/div>\n\t\t\t\t<\/div>\n\t\t\t\t\t<\/div>\n\t\t\t\t<\/div>\n\t\t\t\t<\/div>\n\t\t","protected":false},"excerpt":{"rendered":"<p>Importe que paga el cliente, al formalizar un pr\u00e9stamo por los gastos que supone su apertura (gesti\u00f3n y tr\u00e1mite del [&hellip;]<\/p>\n","protected":false},"author":1,"featured_media":0,"parent":0,"menu_order":0,"comment_status":"closed","ping_status":"closed","template":"","meta":{"site-sidebar-layout":"no-sidebar","site-content-layout":"","ast-site-content-layout":"full-width-container","site-content-style":"default","site-sidebar-style":"default","ast-global-header-display":"","ast-banner-title-visibility":"","ast-main-header-display":"","ast-hfb-above-header-display":"","ast-hfb-below-header-display":"","ast-hfb-mobile-header-display":"","site-post-title":"","ast-breadcrumbs-content":"","ast-featured-img":"disabled","footer-sml-layout":"","theme-transparent-header-meta":"","adv-header-id-meta":"","stick-header-meta":"","header-above-stick-meta":"","header-main-stick-meta":"","header-below-stick-meta":"","astra-migrate-meta-layouts":"default","ast-page-background-enabled":"default","ast-page-background-meta":{"desktop":{"background-color":"var(--ast-global-color-5)","background-image":"","background-repeat":"repeat","background-position":"center center","background-size":"auto","background-attachment":"scroll","background-type":"","background-media":"","overlay-type":"","overlay-color":"","overlay-opacity":"","overlay-gradient":""},"tablet":{"background-color":"","background-image":"","background-repeat":"repeat","background-position":"center center","background-size":"auto","background-attachment":"scroll","background-type":"","background-media":"","overlay-type":"","overlay-color":"","overlay-opacity":"","overlay-gradient":""},"mobile":{"background-color":"","background-image":"","background-repeat":"repeat","background-position":"center center","background-size":"auto","background-attachment":"scroll","background-type":"","background-media":"","overlay-type":"","overlay-color":"","overlay-opacity":"","overlay-gradient":""}},"ast-content-background-meta":{"desktop":{"background-color":"var(--ast-global-color-4)","background-image":"","background-repeat":"repeat","background-position":"center center","background-size":"auto","background-attachment":"scroll","background-type":"","background-media":"","overlay-type":"","overlay-color":"","overlay-opacity":"","overlay-gradient":""},"tablet":{"background-color":"var(--ast-global-color-4)","background-image":"","background-repeat":"repeat","background-position":"center center","background-size":"auto","background-attachment":"scroll","background-type":"","background-media":"","overlay-type":"","overlay-color":"","overlay-opacity":"","overlay-gradient":""},"mobile":{"background-color":"var(--ast-global-color-4)","background-image":"","background-repeat":"repeat","background-position":"center center","background-size":"auto","background-attachment":"scroll","background-type":"","background-media":"","overlay-type":"","overlay-color":"","overlay-opacity":"","overlay-gradient":""}},"footnotes":""},"class_list":["post-131","page","type-page","status-publish","hentry"],"_links":{"self":[{"href":"https:\/\/karyx.com.mx\/index.php\/wp-json\/wp\/v2\/pages\/131","targetHints":{"allow":["GET"]}}],"collection":[{"href":"https:\/\/karyx.com.mx\/index.php\/wp-json\/wp\/v2\/pages"}],"about":[{"href":"https:\/\/karyx.com.mx\/index.php\/wp-json\/wp\/v2\/types\/page"}],"author":[{"embeddable":true,"href":"https:\/\/karyx.com.mx\/index.php\/wp-json\/wp\/v2\/users\/1"}],"replies":[{"embeddable":true,"href":"https:\/\/karyx.com.mx\/index.php\/wp-json\/wp\/v2\/comments?post=131"}],"version-history":[{"count":4,"href":"https:\/\/karyx.com.mx\/index.php\/wp-json\/wp\/v2\/pages\/131\/revisions"}],"predecessor-version":[{"id":135,"href":"https:\/\/karyx.com.mx\/index.php\/wp-json\/wp\/v2\/pages\/131\/revisions\/135"}],"wp:attachment":[{"href":"https:\/\/karyx.com.mx\/index.php\/wp-json\/wp\/v2\/media?parent=131"}],"curies":[{"name":"wp","href":"https:\/\/api.w.org\/{rel}","templated":true}]}}