{"id":148,"date":"2025-10-20T03:11:55","date_gmt":"2025-10-20T03:11:55","guid":{"rendered":"https:\/\/karyx.com.mx\/?page_id=148"},"modified":"2025-10-20T03:31:42","modified_gmt":"2025-10-20T03:31:42","slug":"productos-o-servicios-adicionales-relacionados","status":"publish","type":"page","link":"https:\/\/karyx.com.mx\/index.php\/productos-o-servicios-adicionales-relacionados\/","title":{"rendered":"PRODUCTOS O SERVICIOS ADICIONALES RELACIONADOS:"},"content":{"rendered":"\t\t<div data-elementor-type=\"wp-page\" data-elementor-id=\"148\" class=\"elementor elementor-148\">\n\t\t\t\t<div class=\"elementor-element elementor-element-4fef849 e-flex e-con-boxed e-con e-parent\" data-id=\"4fef849\" data-element_type=\"container\">\n\t\t\t\t\t<div class=\"e-con-inner\">\n\t\t\t\t<div class=\"elementor-element elementor-element-e5455c3 elementor-widget elementor-widget-text-editor\" data-id=\"e5455c3\" data-element_type=\"widget\" data-widget_type=\"text-editor.default\">\n\t\t\t\t<div class=\"elementor-widget-container\">\n\t\t\t\t\t\t\t\t\t<p>Es obligatorio que el acreditado contrate durante la vigencia del cr\u00e9dito , los siguientes seguros:<\/p><p>a) SEGURO SOBRE EL VEH\u00cdCULO\u00b9: con cobertura amplia que cumpla, cuando menos, con las siguientes caracter\u00edsticas:<br \/>\u2022 vigencia multianual equivalente al plazo del cr\u00e9dito.<br \/>\u2022 cobertura por da\u00f1os materiales y\/o robo total del veh\u00edculo hasta por una cantidad equivalente al valor de la factura del veh\u00edculo o al valor de la cobertura de reposici\u00f3n del veh\u00edculo durante el primer a\u00f1o del veh\u00edculo contado a partir de la fecha de adquisici\u00f3n del mismo por parte del acreditado; o cobertura por da\u00f1os materiales y\/o robo total del veh\u00edculo hasta por una cantidad equivalente al valor comercial del veh\u00edculo durante los a\u00f1os posteriores.<br \/>\u2022 cobertura por responsabilidad civil que cubra cualquier gasto m\u00e9dico de los ocupantes del veh\u00edculo, con asistencia legal.<\/p><p>b) Cualquier otro seguro, que el acreditado se encuentre obligado a contratar de conformidad con la legislaci\u00f3n aplicable.<\/p><p>\u00b9Podr\u00e1 contratar directamente las p\u00f3lizas de seguro con la compa\u00f1\u00eda aseguradora de su preferencia, pudiendo optar sin estar obligado a ello, por la compa\u00f1\u00eda aseguradora sugerida.<\/p>\t\t\t\t\t\t\t\t<\/div>\n\t\t\t\t<\/div>\n\t\t\t\t\t<\/div>\n\t\t\t\t<\/div>\n\t\t\t\t<\/div>\n\t\t","protected":false},"excerpt":{"rendered":"<p>Es obligatorio que el acreditado contrate durante la vigencia del cr\u00e9dito , los siguientes seguros: a) SEGURO SOBRE EL VEH\u00cdCULO\u00b9: [&hellip;]<\/p>\n","protected":false},"author":1,"featured_media":0,"parent":0,"menu_order":0,"comment_status":"closed","ping_status":"closed","template":"","meta":{"site-sidebar-layout":"no-sidebar","site-content-layout":"","ast-site-content-layout":"full-width-container","site-content-style":"default","site-sidebar-style":"default","ast-global-header-display":"","ast-banner-title-visibility":"","ast-main-header-display":"","ast-hfb-above-header-display":"","ast-hfb-below-header-display":"","ast-hfb-mobile-header-display":"","site-post-title":"","ast-breadcrumbs-content":"","ast-featured-img":"disabled","footer-sml-layout":"","theme-transparent-header-meta":"","adv-header-id-meta":"","stick-header-meta":"","header-above-stick-meta":"","header-main-stick-meta":"","header-below-stick-meta":"","astra-migrate-meta-layouts":"default","ast-page-background-enabled":"default","ast-page-background-meta":{"desktop":{"background-color":"var(--ast-global-color-5)","background-image":"","background-repeat":"repeat","background-position":"center center","background-size":"auto","background-attachment":"scroll","background-type":"","background-media":"","overlay-type":"","overlay-color":"","overlay-opacity":"","overlay-gradient":""},"tablet":{"background-color":"","background-image":"","background-repeat":"repeat","background-position":"center center","background-size":"auto","background-attachment":"scroll","background-type":"","background-media":"","overlay-type":"","overlay-color":"","overlay-opacity":"","overlay-gradient":""},"mobile":{"background-color":"","background-image":"","background-repeat":"repeat","background-position":"center center","background-size":"auto","background-attachment":"scroll","background-type":"","background-media":"","overlay-type":"","overlay-color":"","overlay-opacity":"","overlay-gradient":""}},"ast-content-background-meta":{"desktop":{"background-color":"var(--ast-global-color-4)","background-image":"","background-repeat":"repeat","background-position":"center center","background-size":"auto","background-attachment":"scroll","background-type":"","background-media":"","overlay-type":"","overlay-color":"","overlay-opacity":"","overlay-gradient":""},"tablet":{"background-color":"var(--ast-global-color-4)","background-image":"","background-repeat":"repeat","background-position":"center center","background-size":"auto","background-attachment":"scroll","background-type":"","background-media":"","overlay-type":"","overlay-color":"","overlay-opacity":"","overlay-gradient":""},"mobile":{"background-color":"var(--ast-global-color-4)","background-image":"","background-repeat":"repeat","background-position":"center center","background-size":"auto","background-attachment":"scroll","background-type":"","background-media":"","overlay-type":"","overlay-color":"","overlay-opacity":"","overlay-gradient":""}},"footnotes":""},"class_list":["post-148","page","type-page","status-publish","hentry"],"_links":{"self":[{"href":"https:\/\/karyx.com.mx\/index.php\/wp-json\/wp\/v2\/pages\/148","targetHints":{"allow":["GET"]}}],"collection":[{"href":"https:\/\/karyx.com.mx\/index.php\/wp-json\/wp\/v2\/pages"}],"about":[{"href":"https:\/\/karyx.com.mx\/index.php\/wp-json\/wp\/v2\/types\/page"}],"author":[{"embeddable":true,"href":"https:\/\/karyx.com.mx\/index.php\/wp-json\/wp\/v2\/users\/1"}],"replies":[{"embeddable":true,"href":"https:\/\/karyx.com.mx\/index.php\/wp-json\/wp\/v2\/comments?post=148"}],"version-history":[{"count":7,"href":"https:\/\/karyx.com.mx\/index.php\/wp-json\/wp\/v2\/pages\/148\/revisions"}],"predecessor-version":[{"id":160,"href":"https:\/\/karyx.com.mx\/index.php\/wp-json\/wp\/v2\/pages\/148\/revisions\/160"}],"wp:attachment":[{"href":"https:\/\/karyx.com.mx\/index.php\/wp-json\/wp\/v2\/media?parent=148"}],"curies":[{"name":"wp","href":"https:\/\/api.w.org\/{rel}","templated":true}]}}