{"id":153,"date":"2025-10-20T03:15:19","date_gmt":"2025-10-20T03:15:19","guid":{"rendered":"https:\/\/karyx.com.mx\/?page_id=153"},"modified":"2025-10-20T03:16:13","modified_gmt":"2025-10-20T03:16:13","slug":"recomendaciones","status":"publish","type":"page","link":"https:\/\/karyx.com.mx\/index.php\/recomendaciones\/","title":{"rendered":"RECOMENDACIONES:"},"content":{"rendered":"\t\t<div data-elementor-type=\"wp-page\" data-elementor-id=\"153\" class=\"elementor elementor-153\">\n\t\t\t\t<div class=\"elementor-element elementor-element-f9d2156 e-flex e-con-boxed e-con e-parent\" data-id=\"f9d2156\" data-element_type=\"container\">\n\t\t\t\t\t<div class=\"e-con-inner\">\n\t\t\t\t<div class=\"elementor-element elementor-element-a4eea2f elementor-widget elementor-widget-text-editor\" data-id=\"a4eea2f\" data-element_type=\"widget\" data-widget_type=\"text-editor.default\">\n\t\t\t\t<div class=\"elementor-widget-container\">\n\t\t\t\t\t\t\t\t\t<p>\u2022 Al contratar no olvide leer con atenci\u00f3n el contenido de su contrato para conocer los derechos y obligaciones a los que estar\u00e1 sujeto y verificar el contenido de las cl\u00e1usulas m\u00e1s relevantes, asi como las condiciones del cr\u00e9dito adquirido:<br \/><br \/>\u00a0\u00a0\u00a0\u00a0\u00a0\u2022 Conceptos y periodicidad de las comisiones.<br \/>\u00a0\u00a0\u00a0\u00a0\u00a0\u2022 Penalidades.<br \/>\u00a0\u00a0\u00a0\u00a0\u00a0\u2022 Medios y formas de pago.<br \/>\u00a0\u00a0\u00a0\u00a0\u00a0\u2022 Aviso de privacidad en relaci\u00f3n al intercambio de datos personales y cargos autom\u00e1ticos a su cuenta bancaria.<br \/><br \/>\u2022 Adquirir deudas en exceso a su capacidad de pago puede afectar su patrimonio y su historial crediticio.<br \/>\u2022 El aval u obligado solidario, responder\u00e1 como obligado principal.<br \/>\u2022 Pagar puntualmente le permitir\u00e1 mantener un historial crediticio satisfactorio.<br \/>\u2022 Incumplir sus obligaciones le puede generar comisiones y penalizaci\u00f3n \u2013 gastos de cobranza.<\/p>\t\t\t\t\t\t\t\t<\/div>\n\t\t\t\t<\/div>\n\t\t\t\t\t<\/div>\n\t\t\t\t<\/div>\n\t\t\t\t<\/div>\n\t\t","protected":false},"excerpt":{"rendered":"<p>\u2022 Al contratar no olvide leer con atenci\u00f3n el contenido de su contrato para conocer los derechos y obligaciones a [&hellip;]<\/p>\n","protected":false},"author":1,"featured_media":0,"parent":0,"menu_order":0,"comment_status":"closed","ping_status":"closed","template":"","meta":{"site-sidebar-layout":"no-sidebar","site-content-layout":"","ast-site-content-layout":"full-width-container","site-content-style":"default","site-sidebar-style":"default","ast-global-header-display":"","ast-banner-title-visibility":"","ast-main-header-display":"","ast-hfb-above-header-display":"","ast-hfb-below-header-display":"","ast-hfb-mobile-header-display":"","site-post-title":"","ast-breadcrumbs-content":"","ast-featured-img":"disabled","footer-sml-layout":"","theme-transparent-header-meta":"","adv-header-id-meta":"","stick-header-meta":"","header-above-stick-meta":"","header-main-stick-meta":"","header-below-stick-meta":"","astra-migrate-meta-layouts":"default","ast-page-background-enabled":"default","ast-page-background-meta":{"desktop":{"background-color":"var(--ast-global-color-5)","background-image":"","background-repeat":"repeat","background-position":"center center","background-size":"auto","background-attachment":"scroll","background-type":"","background-media":"","overlay-type":"","overlay-color":"","overlay-opacity":"","overlay-gradient":""},"tablet":{"background-color":"","background-image":"","background-repeat":"repeat","background-position":"center center","background-size":"auto","background-attachment":"scroll","background-type":"","background-media":"","overlay-type":"","overlay-color":"","overlay-opacity":"","overlay-gradient":""},"mobile":{"background-color":"","background-image":"","background-repeat":"repeat","background-position":"center center","background-size":"auto","background-attachment":"scroll","background-type":"","background-media":"","overlay-type":"","overlay-color":"","overlay-opacity":"","overlay-gradient":""}},"ast-content-background-meta":{"desktop":{"background-color":"var(--ast-global-color-4)","background-image":"","background-repeat":"repeat","background-position":"center center","background-size":"auto","background-attachment":"scroll","background-type":"","background-media":"","overlay-type":"","overlay-color":"","overlay-opacity":"","overlay-gradient":""},"tablet":{"background-color":"var(--ast-global-color-4)","background-image":"","background-repeat":"repeat","background-position":"center center","background-size":"auto","background-attachment":"scroll","background-type":"","background-media":"","overlay-type":"","overlay-color":"","overlay-opacity":"","overlay-gradient":""},"mobile":{"background-color":"var(--ast-global-color-4)","background-image":"","background-repeat":"repeat","background-position":"center center","background-size":"auto","background-attachment":"scroll","background-type":"","background-media":"","overlay-type":"","overlay-color":"","overlay-opacity":"","overlay-gradient":""}},"footnotes":""},"class_list":["post-153","page","type-page","status-publish","hentry"],"_links":{"self":[{"href":"https:\/\/karyx.com.mx\/index.php\/wp-json\/wp\/v2\/pages\/153","targetHints":{"allow":["GET"]}}],"collection":[{"href":"https:\/\/karyx.com.mx\/index.php\/wp-json\/wp\/v2\/pages"}],"about":[{"href":"https:\/\/karyx.com.mx\/index.php\/wp-json\/wp\/v2\/types\/page"}],"author":[{"embeddable":true,"href":"https:\/\/karyx.com.mx\/index.php\/wp-json\/wp\/v2\/users\/1"}],"replies":[{"embeddable":true,"href":"https:\/\/karyx.com.mx\/index.php\/wp-json\/wp\/v2\/comments?post=153"}],"version-history":[{"count":4,"href":"https:\/\/karyx.com.mx\/index.php\/wp-json\/wp\/v2\/pages\/153\/revisions"}],"predecessor-version":[{"id":157,"href":"https:\/\/karyx.com.mx\/index.php\/wp-json\/wp\/v2\/pages\/153\/revisions\/157"}],"wp:attachment":[{"href":"https:\/\/karyx.com.mx\/index.php\/wp-json\/wp\/v2\/media?parent=153"}],"curies":[{"name":"wp","href":"https:\/\/api.w.org\/{rel}","templated":true}]}}